{"id":1199,"date":"2023-10-14T11:51:49","date_gmt":"2023-10-14T10:51:49","guid":{"rendered":"http:\/\/localhost\/wordpress\/?post_type=product&#038;p=1199"},"modified":"2024-12-07T11:24:08","modified_gmt":"2024-12-07T10:24:08","slug":"machine-a-pression-de-chaleur","status":"publish","type":"product","link":"https:\/\/utd-tunisia.com\/UTDprint\/produit\/machine-a-pression-de-chaleur\/","title":{"rendered":"MACHINE \u00c0 PRESSION DE CHALEUR &#8211; 8IN1"},"content":{"rendered":"<h4 style=\"text-align: center;\"><span style=\"color: #3366ff;\">MACHINE \u00c0 PRESSION DE CHALEUR &#8211; 8IN1<\/span><\/h4>\n<p>Cette presse \u00e0 chaud multifonctionnelle<strong> 8 en 1<\/strong> est id\u00e9ale pour imprimer sur divers articles tels que des <strong>T-shirts<\/strong>, des <strong>chapeaux<\/strong>, des <strong>casquettes<\/strong>, des <strong>assiettes<\/strong> et des <strong>mugs<\/strong>. Elle est livr\u00e9e avec des plateaux <strong>interchangeables<\/strong> et dispose d&rsquo;un<strong> \u00e9cran digital<\/strong> qui affiche la temp\u00e9rature en <strong>Celsius<\/strong> et <strong>Fahrenheit<\/strong>. La taille de la presse est de <strong>15&Prime; x 12&Prime;<\/strong> avec un bras pivotant \u00e0 <strong>360\u00b0<\/strong> et une hauteur r\u00e9glable de <strong>13 1\/2&Prime;<\/strong> \u00e0 <strong>17&Prime;<\/strong>.<\/p>\n<p><strong>Caract\u00e9ristiques:<\/strong><\/p>\n<ol>\n<li>Rotation compl\u00e8te de <strong>360 degr\u00e9s<\/strong> de la conception pivotante.<\/li>\n<li>\u00c9l\u00e9ment de presse \u00e0 plateau enduit de <strong>t\u00e9flon<\/strong>.<\/li>\n<li>Poign\u00e9e de bras de <strong>7cm<\/strong>, poign\u00e9e audacieuse facile \u00e0 tenir, conception d&rsquo;effort r\u00e9duit.<\/li>\n<li>Plate-forme inf\u00e9rieure <strong>d\u00e9tachable<\/strong>.<\/li>\n<li>Panneau de chauffage \u00e9pais de <strong>2cm<\/strong>.<\/li>\n<\/ol>\n<p><a href=\"https:\/\/utd-tunisia.com\/UTDprint\/wp-content\/uploads\/2023\/10\/M-8IN1-1.pdf\">Fiche Technique et Exemple des Produits Finis \u00ab\u00a0M-8IN1\u00a0\u00bb<\/a><\/p>\n","protected":false},"excerpt":{"rendered":"<p><strong>Machine de presse thermique 8 en 1<\/strong>, grand \u00e9l\u00e9ment de transfert de <strong>38x29cm<\/strong> offre une grande surface pour cr\u00e9er votre propre temp\u00e9rature de contr\u00f4leur <strong>LED<\/strong> num\u00e9rique de <strong>T-shirt<\/strong> personnalis\u00e9. Il peut transf\u00e9rer des images color\u00e9es et des caract\u00e8res d&rsquo;encre d&rsquo;impression sublimation et dissoute sur des c\u00e9ramiques, des verres et des textiles tels que le coton, le lin, la fibre chimique, le nylon, etc.<\/p>\n<p><a href=\"https:\/\/utd-tunisia.com\/UTDprint\/wp-content\/uploads\/2023\/10\/M-8IN1-1.pdf\">Fiche Technique et Exemple des Produits Finis \u00ab\u00a0M-8IN1\u00a0\u00bb<\/a><\/p>\n","protected":false},"featured_media":1971,"comment_status":"open","ping_status":"closed","template":"","meta":[],"product_cat":[36],"product_tag":[],"_links":{"self":[{"href":"https:\/\/utd-tunisia.com\/UTDprint\/wp-json\/wp\/v2\/product\/1199"}],"collection":[{"href":"https:\/\/utd-tunisia.com\/UTDprint\/wp-json\/wp\/v2\/product"}],"about":[{"href":"https:\/\/utd-tunisia.com\/UTDprint\/wp-json\/wp\/v2\/types\/product"}],"replies":[{"embeddable":true,"href":"https:\/\/utd-tunisia.com\/UTDprint\/wp-json\/wp\/v2\/comments?post=1199"}],"version-history":[{"count":4,"href":"https:\/\/utd-tunisia.com\/UTDprint\/wp-json\/wp\/v2\/product\/1199\/revisions"}],"predecessor-version":[{"id":2572,"href":"https:\/\/utd-tunisia.com\/UTDprint\/wp-json\/wp\/v2\/product\/1199\/revisions\/2572"}],"wp:featuredmedia":[{"embeddable":true,"href":"https:\/\/utd-tunisia.com\/UTDprint\/wp-json\/wp\/v2\/media\/1971"}],"wp:attachment":[{"href":"https:\/\/utd-tunisia.com\/UTDprint\/wp-json\/wp\/v2\/media?parent=1199"}],"wp:term":[{"taxonomy":"product_cat","embeddable":true,"href":"https:\/\/utd-tunisia.com\/UTDprint\/wp-json\/wp\/v2\/product_cat?post=1199"},{"taxonomy":"product_tag","embeddable":true,"href":"https:\/\/utd-tunisia.com\/UTDprint\/wp-json\/wp\/v2\/product_tag?post=1199"}],"curies":[{"name":"wp","href":"https:\/\/api.w.org\/{rel}","templated":true}]}}