{"id":1202,"date":"2023-10-14T12:06:55","date_gmt":"2023-10-14T11:06:55","guid":{"rendered":"http:\/\/localhost\/wordpress\/?post_type=product&#038;p=1202"},"modified":"2026-01-30T14:11:31","modified_gmt":"2026-01-30T13:11:31","slug":"colle-de-reliure-a-chaud","status":"publish","type":"product","link":"https:\/\/utd-tunisia.com\/UTDprint\/produit\/colle-de-reliure-a-chaud\/","title":{"rendered":"COLLE DE RELIURE \u00c0 CHAUD &#8211; 1KG &#8211; CRC"},"content":{"rendered":"<h4 style=\"text-align: center;\"><span style=\"color: #3366ff;\"><strong>COLLE DE RELIURE \u00c0 CHAUD &#8211; 1Kg &#8211; CRC<\/strong><\/span><\/h4>\n<p><strong>Ces granules thermiques de colle CRC<\/strong> est de haute qualit\u00e9, transparent, brillant, lisse, et applicable pour des genres de machine obligatoire thermique chaude.<\/p>\n<p>Bon pour \u00e9laborer des manuels scolaires, magazines, livre Illustr\u00e9, les livres, les brochures, les cahiers, etc.<\/p>\n<p><a href=\"https:\/\/utd-tunisia.com\/UTDprint\/wp-content\/uploads\/2023\/10\/CRC-1-1.pdf\">Fiche Technique CRC <\/a><\/p>\n","protected":false},"excerpt":{"rendered":"<p><strong>La colle Hot Melt CRC<\/strong> est une r\u00e9sine thermofusible, conditionn\u00e9e sous forme de <strong>pastilles ou granules<\/strong>, \u00e0 placer dans le r\u00e9servoir \u00e0 colle de votre <strong>thermorelieur<\/strong>. La chauffe effectu\u00e9e par l&rsquo;appareil va faire fondre la r\u00e9sine en activant son fort pouvoir adh\u00e9sif. C&rsquo;est le type de reliure que nous recommandons pour l&rsquo;impression num\u00e9rique de documents professionnels tels que brochures, manuels, livres, en raison de son excellent rapport qualit\u00e9\/prix.<\/p>\n<p><a href=\"https:\/\/utd-tunisia.com\/UTDprint\/wp-content\/uploads\/2023\/10\/CRC-1-1.pdf\">Fiche Technique CRC<\/a><\/p>\n","protected":false},"featured_media":1949,"comment_status":"open","ping_status":"closed","template":"","meta":[],"product_cat":[45,35],"product_tag":[],"_links":{"self":[{"href":"https:\/\/utd-tunisia.com\/UTDprint\/wp-json\/wp\/v2\/product\/1202"}],"collection":[{"href":"https:\/\/utd-tunisia.com\/UTDprint\/wp-json\/wp\/v2\/product"}],"about":[{"href":"https:\/\/utd-tunisia.com\/UTDprint\/wp-json\/wp\/v2\/types\/product"}],"replies":[{"embeddable":true,"href":"https:\/\/utd-tunisia.com\/UTDprint\/wp-json\/wp\/v2\/comments?post=1202"}],"version-history":[{"count":4,"href":"https:\/\/utd-tunisia.com\/UTDprint\/wp-json\/wp\/v2\/product\/1202\/revisions"}],"predecessor-version":[{"id":2070,"href":"https:\/\/utd-tunisia.com\/UTDprint\/wp-json\/wp\/v2\/product\/1202\/revisions\/2070"}],"wp:featuredmedia":[{"embeddable":true,"href":"https:\/\/utd-tunisia.com\/UTDprint\/wp-json\/wp\/v2\/media\/1949"}],"wp:attachment":[{"href":"https:\/\/utd-tunisia.com\/UTDprint\/wp-json\/wp\/v2\/media?parent=1202"}],"wp:term":[{"taxonomy":"product_cat","embeddable":true,"href":"https:\/\/utd-tunisia.com\/UTDprint\/wp-json\/wp\/v2\/product_cat?post=1202"},{"taxonomy":"product_tag","embeddable":true,"href":"https:\/\/utd-tunisia.com\/UTDprint\/wp-json\/wp\/v2\/product_tag?post=1202"}],"curies":[{"name":"wp","href":"https:\/\/api.w.org\/{rel}","templated":true}]}}