{"id":2181,"date":"2024-04-25T11:02:34","date_gmt":"2024-04-25T10:02:34","guid":{"rendered":"https:\/\/utd-tunisia.com\/UTDprint\/?post_type=product&#038;p=2181"},"modified":"2025-12-19T10:36:46","modified_gmt":"2025-12-19T09:36:46","slug":"plastifieuse-de-poche-a3-double-face-a-chaud-et-a-froid-a3-330c","status":"publish","type":"product","link":"https:\/\/utd-tunisia.com\/UTDprint\/produit\/plastifieuse-de-poche-a3-double-face-a-chaud-et-a-froid-a3-330c\/","title":{"rendered":"PLASTIFIEUSE DE POCHE A3 DOUBLE FACE \u00c0 CHAUD ET \u00c0 FROID &#8211; A3-330C"},"content":{"rendered":"<h4 style=\"text-align: center;\"><span style=\"color: #3366ff;\"><strong>PLASTIFIEUSE DE POCHE A3 DOUBLE FACE \u00c0 CHAUD ET \u00c0 FROID &#8211; A3-330C<\/strong><\/span><\/h4>\n<ul>\n<li>Toute structure m\u00e9tallique.<\/li>\n<li>Laminage froid et chaud.<\/li>\n<li>Contr\u00f4le de temp\u00e9rature variable.<\/li>\n<li>Fonction inverse anti-bourrage.<\/li>\n<li>Quatre rouleaux de silicium<\/li>\n<\/ul>\n","protected":false},"excerpt":{"rendered":"<p>D\u00e9couvrez la plastifieuse de poche <strong>A3-330C<\/strong>, l&rsquo;outil indispensable pour vos besoins de plastification ! Avec cette machine, vous pouvez instantan\u00e9ment prot\u00e9ger et d\u00e9corer vos documents. Que vous soyez un imprimeur professionnel ou que vous souhaitiez simplement imprimer vos propres documents, cette plastifieuse a tout ce dont vous avez besoin. Un fonctionnement simple et rapide vous garantit d\u2019obtenir toujours les meilleurs r\u00e9sultats. Ne laissez pas vos documents<br \/>\nsans protection, choisissez d\u00e8s maintenant la plastifieuse de poche <strong>A3-330C<\/strong> et donnez-lui une longue dur\u00e9e de vie.<\/p>\n","protected":false},"featured_media":2453,"comment_status":"open","ping_status":"closed","template":"","meta":[],"product_cat":[33],"product_tag":[],"_links":{"self":[{"href":"https:\/\/utd-tunisia.com\/UTDprint\/wp-json\/wp\/v2\/product\/2181"}],"collection":[{"href":"https:\/\/utd-tunisia.com\/UTDprint\/wp-json\/wp\/v2\/product"}],"about":[{"href":"https:\/\/utd-tunisia.com\/UTDprint\/wp-json\/wp\/v2\/types\/product"}],"replies":[{"embeddable":true,"href":"https:\/\/utd-tunisia.com\/UTDprint\/wp-json\/wp\/v2\/comments?post=2181"}],"version-history":[{"count":5,"href":"https:\/\/utd-tunisia.com\/UTDprint\/wp-json\/wp\/v2\/product\/2181\/revisions"}],"predecessor-version":[{"id":2507,"href":"https:\/\/utd-tunisia.com\/UTDprint\/wp-json\/wp\/v2\/product\/2181\/revisions\/2507"}],"wp:featuredmedia":[{"embeddable":true,"href":"https:\/\/utd-tunisia.com\/UTDprint\/wp-json\/wp\/v2\/media\/2453"}],"wp:attachment":[{"href":"https:\/\/utd-tunisia.com\/UTDprint\/wp-json\/wp\/v2\/media?parent=2181"}],"wp:term":[{"taxonomy":"product_cat","embeddable":true,"href":"https:\/\/utd-tunisia.com\/UTDprint\/wp-json\/wp\/v2\/product_cat?post=2181"},{"taxonomy":"product_tag","embeddable":true,"href":"https:\/\/utd-tunisia.com\/UTDprint\/wp-json\/wp\/v2\/product_tag?post=2181"}],"curies":[{"name":"wp","href":"https:\/\/api.w.org\/{rel}","templated":true}]}}