{"id":2187,"date":"2024-04-19T12:23:44","date_gmt":"2024-04-19T11:23:44","guid":{"rendered":"https:\/\/utd-tunisia.com\/UTDprint\/?post_type=product&#038;p=2187"},"modified":"2025-12-01T17:19:09","modified_gmt":"2025-12-01T16:19:09","slug":"plastifieuse-et-massicot-a3-avec-arrondisseur-dangles-3-en-1-ol381c","status":"publish","type":"product","link":"https:\/\/utd-tunisia.com\/UTDprint\/produit\/plastifieuse-et-massicot-a3-avec-arrondisseur-dangles-3-en-1-ol381c\/","title":{"rendered":"PLASTIFIEUSE ET MASSICOT A3 AVEC ARRONDISSEUR D&rsquo;ANGLES 3 EN 1 &#8211; OL381C"},"content":{"rendered":"<h4 style=\"text-align: center;\"><strong><span style=\"color: #3366ff;\">PLASTIFIEUSE ET MASSICOT A3 AVEC ARRONDISSEUR D&rsquo;ANGLES 3 EN 1 &#8211; OL381C<\/span><\/strong><\/h4>\n<p>&nbsp;<\/p>\n<ul>\n<li><strong>Stratification \u00e0 Chaud et \u00e0 Froid :<\/strong> La plastification \u00e0 froid convient aux images sp\u00e9ciales ou aux documents avec des encres et des vernis sensibles \u00e0 la chaleur pour prot\u00e9ger les couleurs de la d\u00e9coloration. Le mode de plastification thermique convient \u00e0 la plupart des documents.<\/li>\n<li><strong>Laminage Durable :<\/strong> La plastifieuse adopte une conception poreuse \u00e0 double face, qui peut efficacement dissiper la chaleur, prolonger le temps de travail de la plastifieuse et supporter une \u00e9tanch\u00e9it\u00e9 en plastique continue pendant 30 minutes.<\/li>\n<li><strong>Faible Bruit :<\/strong> &lt;35dB, semblable \u00e0 un murmure, ne vous inqui\u00e9tez pas de d\u00e9ranger les autres et cr\u00e9ez un environnement de travail calme pour vous.<\/li>\n<li><strong>Cutter Int\u00e9gr\u00e9 :<\/strong> Le massicot peut couper jusqu&rsquo;\u00e0 8 feuilles \u00e0 la fois. Am\u00e9liorez votre productivit\u00e9 sur les t\u00e2ches importantes.<\/li>\n<li><strong>Arrondisseur de Coins Pour Papier\/Photo :<\/strong> Vous pouvez facilement obtenir de beaux coins arrondis, particuli\u00e8rement adapt\u00e9s \u00e0 la d\u00e9coupe de coins arrondis tels que le papier photo, le ruban antid\u00e9rapant, etc.<\/li>\n<li><strong>Verrou de S\u00e9curit\u00e9 :<\/strong> Nous savons que les enfants sont naturellement curieux et sont susceptibles d&rsquo;essayer votre plastifieuse, c&rsquo;est pourquoi nous avons con\u00e7u un m\u00e9canisme de verrouillage robuste pour le cutter int\u00e9gr\u00e9 afin de les prot\u00e9ger.<\/li>\n<li><strong>\u00c9chauffement rapide.<\/strong><\/li>\n<li><strong>Pelliculage rapide.<\/strong><\/li>\n<li><strong>Sortie du papier par une seule touche.<\/strong><\/li>\n<li><strong>Moulage \u00e0 plat.<\/strong><\/li>\n<li><strong>Entr\u00e9e automatique du pochette.<\/strong><\/li>\n<\/ul>\n","protected":false},"excerpt":{"rendered":"<p>Plastifieuses pour la Maison et le Bureau : Une Bonne Aide pour Prot\u00e9ger vos Documents Importants.<\/p>\n","protected":false},"featured_media":2192,"comment_status":"open","ping_status":"closed","template":"","meta":[],"product_cat":[44,34,33],"product_tag":[],"_links":{"self":[{"href":"https:\/\/utd-tunisia.com\/UTDprint\/wp-json\/wp\/v2\/product\/2187"}],"collection":[{"href":"https:\/\/utd-tunisia.com\/UTDprint\/wp-json\/wp\/v2\/product"}],"about":[{"href":"https:\/\/utd-tunisia.com\/UTDprint\/wp-json\/wp\/v2\/types\/product"}],"replies":[{"embeddable":true,"href":"https:\/\/utd-tunisia.com\/UTDprint\/wp-json\/wp\/v2\/comments?post=2187"}],"version-history":[{"count":3,"href":"https:\/\/utd-tunisia.com\/UTDprint\/wp-json\/wp\/v2\/product\/2187\/revisions"}],"predecessor-version":[{"id":2451,"href":"https:\/\/utd-tunisia.com\/UTDprint\/wp-json\/wp\/v2\/product\/2187\/revisions\/2451"}],"wp:featuredmedia":[{"embeddable":true,"href":"https:\/\/utd-tunisia.com\/UTDprint\/wp-json\/wp\/v2\/media\/2192"}],"wp:attachment":[{"href":"https:\/\/utd-tunisia.com\/UTDprint\/wp-json\/wp\/v2\/media?parent=2187"}],"wp:term":[{"taxonomy":"product_cat","embeddable":true,"href":"https:\/\/utd-tunisia.com\/UTDprint\/wp-json\/wp\/v2\/product_cat?post=2187"},{"taxonomy":"product_tag","embeddable":true,"href":"https:\/\/utd-tunisia.com\/UTDprint\/wp-json\/wp\/v2\/product_tag?post=2187"}],"curies":[{"name":"wp","href":"https:\/\/api.w.org\/{rel}","templated":true}]}}