{"id":2194,"date":"2024-04-16T11:00:38","date_gmt":"2024-04-16T10:00:38","guid":{"rendered":"https:\/\/utd-tunisia.com\/UTDprint\/?post_type=product&#038;p=2194"},"modified":"2025-02-17T14:12:03","modified_gmt":"2025-02-17T13:12:03","slug":"plastifieuse-a3-double-face-a-chaud-et-a-froid-fm-360","status":"publish","type":"product","link":"https:\/\/utd-tunisia.com\/UTDprint\/produit\/plastifieuse-a3-double-face-a-chaud-et-a-froid-fm-360\/","title":{"rendered":"PLASTIFIEUSE A3 DOUBLE FACE \u00c0 CHAUD ET \u00c0 FROID &#8211; FM-360"},"content":{"rendered":"<h4 style=\"text-align: center;\"><span style=\"color: #3366ff;\"><strong>PLASTIFIEUSE A3 DOUBLE FACE \u00c0 CHAUD ET \u00c0 FROID &#8211; FM-360<\/strong><\/span><\/h4>\n<ul>\n<li>\u00c9conomique.<\/li>\n<li>340mm (13&Prime;) de largeur.<\/li>\n<li>Caoutchouc en silicone.<\/li>\n<li>Fonction inverse pour lib\u00e9rer les blocages.<\/li>\n<li>Vitesse variable et contr\u00f4le de la temp\u00e9rature pour diff\u00e9rentes \u00e9paisseurs de film et diff\u00e9rents mat\u00e9riaux.<\/li>\n<li>Laminage \u00e0 chaud et \u00e0 froid pour diff\u00e9rents besoins.<\/li>\n<li>Fonction de m\u00e9moire de temp\u00e9rature.<\/li>\n<\/ul>\n<p>&nbsp;<\/p>\n","protected":false},"excerpt":{"rendered":"<p>Notre plastifieuse de s\u00e9rie FM avec une qualit\u00e9 constante, simple \u00e0 utiliser, peut faire la stratification \u00e0 froid et \u00e0 chaud, la stratification simple et double c\u00f4t\u00e9s ainsi que les travaux de montage.<\/p>\n","protected":false},"featured_media":2196,"comment_status":"open","ping_status":"closed","template":"","meta":[],"product_cat":[33],"product_tag":[],"_links":{"self":[{"href":"https:\/\/utd-tunisia.com\/UTDprint\/wp-json\/wp\/v2\/product\/2194"}],"collection":[{"href":"https:\/\/utd-tunisia.com\/UTDprint\/wp-json\/wp\/v2\/product"}],"about":[{"href":"https:\/\/utd-tunisia.com\/UTDprint\/wp-json\/wp\/v2\/types\/product"}],"replies":[{"embeddable":true,"href":"https:\/\/utd-tunisia.com\/UTDprint\/wp-json\/wp\/v2\/comments?post=2194"}],"version-history":[{"count":2,"href":"https:\/\/utd-tunisia.com\/UTDprint\/wp-json\/wp\/v2\/product\/2194\/revisions"}],"predecessor-version":[{"id":2353,"href":"https:\/\/utd-tunisia.com\/UTDprint\/wp-json\/wp\/v2\/product\/2194\/revisions\/2353"}],"wp:featuredmedia":[{"embeddable":true,"href":"https:\/\/utd-tunisia.com\/UTDprint\/wp-json\/wp\/v2\/media\/2196"}],"wp:attachment":[{"href":"https:\/\/utd-tunisia.com\/UTDprint\/wp-json\/wp\/v2\/media?parent=2194"}],"wp:term":[{"taxonomy":"product_cat","embeddable":true,"href":"https:\/\/utd-tunisia.com\/UTDprint\/wp-json\/wp\/v2\/product_cat?post=2194"},{"taxonomy":"product_tag","embeddable":true,"href":"https:\/\/utd-tunisia.com\/UTDprint\/wp-json\/wp\/v2\/product_tag?post=2194"}],"curies":[{"name":"wp","href":"https:\/\/api.w.org\/{rel}","templated":true}]}}