{"id":2245,"date":"2024-04-16T10:40:50","date_gmt":"2024-04-16T09:40:50","guid":{"rendered":"https:\/\/utd-tunisia.com\/UTDprint\/?post_type=product&#038;p=2245"},"modified":"2024-04-16T10:40:50","modified_gmt":"2024-04-16T09:40:50","slug":"tapis-de-decoupe-tda3","status":"publish","type":"product","link":"https:\/\/utd-tunisia.com\/UTDprint\/produit\/tapis-de-decoupe-tda3\/","title":{"rendered":"TAPIS DE D\u00c9COUPE &#8211; TDA3"},"content":{"rendered":"<h4 style=\"text-align: center;\"><span style=\"color: #3366ff;\"><strong>TAPIS DE D\u00c9COUPE &#8211; TDA3<\/strong><\/span><\/h4>\n<ul>\n<li>Tapis de d\u00e9coupe en pvc auto-adh\u00e9sif de taille A3.<\/li>\n<li>Double face.<\/li>\n<li>Durable.<\/li>\n<li>Facile \u00e0 utiliser.<\/li>\n<li>Pi\u00e8ce n\u00e9cessaire pour votre traceur de d\u00e9coupe.<\/li>\n<\/ul>\n","protected":false},"excerpt":{"rendered":"<p>TAPIS DE D\u00c9COUPE &#8211; TDA3 Tapis de d\u00e9coupe en pvc auto-adh\u00e9sif de taille A3. Double face. Durable. Facile \u00e0 utiliser. Pi\u00e8ce n\u00e9cessaire pour votre traceur de d\u00e9coupe.<\/p>\n","protected":false},"featured_media":2246,"comment_status":"open","ping_status":"closed","template":"","meta":[],"product_cat":[45,34],"product_tag":[],"_links":{"self":[{"href":"https:\/\/utd-tunisia.com\/UTDprint\/wp-json\/wp\/v2\/product\/2245"}],"collection":[{"href":"https:\/\/utd-tunisia.com\/UTDprint\/wp-json\/wp\/v2\/product"}],"about":[{"href":"https:\/\/utd-tunisia.com\/UTDprint\/wp-json\/wp\/v2\/types\/product"}],"replies":[{"embeddable":true,"href":"https:\/\/utd-tunisia.com\/UTDprint\/wp-json\/wp\/v2\/comments?post=2245"}],"version-history":[{"count":1,"href":"https:\/\/utd-tunisia.com\/UTDprint\/wp-json\/wp\/v2\/product\/2245\/revisions"}],"predecessor-version":[{"id":2249,"href":"https:\/\/utd-tunisia.com\/UTDprint\/wp-json\/wp\/v2\/product\/2245\/revisions\/2249"}],"wp:featuredmedia":[{"embeddable":true,"href":"https:\/\/utd-tunisia.com\/UTDprint\/wp-json\/wp\/v2\/media\/2246"}],"wp:attachment":[{"href":"https:\/\/utd-tunisia.com\/UTDprint\/wp-json\/wp\/v2\/media?parent=2245"}],"wp:term":[{"taxonomy":"product_cat","embeddable":true,"href":"https:\/\/utd-tunisia.com\/UTDprint\/wp-json\/wp\/v2\/product_cat?post=2245"},{"taxonomy":"product_tag","embeddable":true,"href":"https:\/\/utd-tunisia.com\/UTDprint\/wp-json\/wp\/v2\/product_tag?post=2245"}],"curies":[{"name":"wp","href":"https:\/\/api.w.org\/{rel}","templated":true}]}}