{"id":2642,"date":"2025-10-31T09:20:16","date_gmt":"2025-10-31T08:20:16","guid":{"rendered":"https:\/\/utd-tunisia.com\/UTDprint\/?post_type=product&#038;p=2642"},"modified":"2025-10-31T09:21:10","modified_gmt":"2025-10-31T08:21:10","slug":"perforatrice-dangle-6-en-1-pa6","status":"publish","type":"product","link":"https:\/\/utd-tunisia.com\/UTDprint\/produit\/perforatrice-dangle-6-en-1-pa6\/","title":{"rendered":"PERFORATRICE D&rsquo;ANGLE 6 EN 1 &#8211; PA6"},"content":{"rendered":"<h4 style=\"text-align: center;\"><span style=\"color: #3366ff;\">PERFORATRICE D&rsquo;ANGLE 6 EN 1 &#8211; PA6<\/span><\/h4>\n<p>&nbsp;<\/p>\n<ul>\n<li>Six styles de coupe dans une seule machine.<\/li>\n<li>Finition nette et professionnelle.<\/li>\n<li>Lames interchangeables faciles \u00e0 installer.<\/li>\n<li>Construction solide adapt\u00e9e \u00e0 un usage intensif.<\/li>\n<\/ul>\n","protected":false},"excerpt":{"rendered":"<p data-start=\"151\" data-end=\"520\"><strong>La perforatrice d\u2019angle 6 en 1 &#8211; PA6<\/strong> est un outil <strong>professionnel<\/strong> con\u00e7u pour <strong>arrondir<\/strong> ou <strong>d\u00e9couper<\/strong> les coins de diff\u00e9rents formats selon six styles de coupe. Gr\u00e2ce \u00e0 ses <strong>lames interchangeables<\/strong>, elle garantit une finition pr\u00e9cise et propre sur tous types de supports. Parfaite pour les bureaux, les ateliers d\u2019impression, la plastification ou le scrapbooking.<\/p>\n","protected":false},"featured_media":2649,"comment_status":"open","ping_status":"closed","template":"","meta":[],"product_cat":[44,43],"product_tag":[],"_links":{"self":[{"href":"https:\/\/utd-tunisia.com\/UTDprint\/wp-json\/wp\/v2\/product\/2642"}],"collection":[{"href":"https:\/\/utd-tunisia.com\/UTDprint\/wp-json\/wp\/v2\/product"}],"about":[{"href":"https:\/\/utd-tunisia.com\/UTDprint\/wp-json\/wp\/v2\/types\/product"}],"replies":[{"embeddable":true,"href":"https:\/\/utd-tunisia.com\/UTDprint\/wp-json\/wp\/v2\/comments?post=2642"}],"version-history":[{"count":2,"href":"https:\/\/utd-tunisia.com\/UTDprint\/wp-json\/wp\/v2\/product\/2642\/revisions"}],"predecessor-version":[{"id":2651,"href":"https:\/\/utd-tunisia.com\/UTDprint\/wp-json\/wp\/v2\/product\/2642\/revisions\/2651"}],"wp:featuredmedia":[{"embeddable":true,"href":"https:\/\/utd-tunisia.com\/UTDprint\/wp-json\/wp\/v2\/media\/2649"}],"wp:attachment":[{"href":"https:\/\/utd-tunisia.com\/UTDprint\/wp-json\/wp\/v2\/media?parent=2642"}],"wp:term":[{"taxonomy":"product_cat","embeddable":true,"href":"https:\/\/utd-tunisia.com\/UTDprint\/wp-json\/wp\/v2\/product_cat?post=2642"},{"taxonomy":"product_tag","embeddable":true,"href":"https:\/\/utd-tunisia.com\/UTDprint\/wp-json\/wp\/v2\/product_tag?post=2642"}],"curies":[{"name":"wp","href":"https:\/\/api.w.org\/{rel}","templated":true}]}}